{"id":189,"date":"2025-01-21T16:48:22","date_gmt":"2025-01-21T15:48:22","guid":{"rendered":"https:\/\/rtcarlon.eu\/?page_id=189"},"modified":"2025-01-21T16:48:22","modified_gmt":"2025-01-21T15:48:22","slug":"les-professeurs","status":"publish","type":"page","link":"https:\/\/rtcarlon.eu\/index.php\/les-professeurs\/","title":{"rendered":"Les professeurs"},"content":{"rendered":"\n<style id=\"wtm-focus-dwl-team-wrapper-188\">#dwl-team-wrapper-188 a:focus, #dwl-team-wrapper-188 button:focus, #dwl-team-wrapper-188 [tabindex]:focus { outline: 2px solid #2271b1; outline-offset: 2px; box-shadow: none; }<\/style>      <div id=\"dwl-team-wrapper-188\" class=\"dwl-team-wrapper wtm-container-fluid wtm-team-manager-shortcode-generator \"  role=\"region\" aria-label=\"Team members\" data-settings=\"{&quot;dwl_team_layout_option&quot;:&quot;list&quot;,&quot;dwl_team_grid_style_option&quot;:&quot;style-2&quot;,&quot;dwl_team_list_style_option&quot;:&quot;style-1&quot;,&quot;dwl_team_slider_style_option&quot;:&quot;style-1&quot;,&quot;dwl_team_mobile&quot;:&quot;1&quot;,&quot;dwl_team_tablet&quot;:&quot;2&quot;,&quot;dwl_team_desktop&quot;:&quot;3&quot;,&quot;dwl_team_autoplay&quot;:&quot;yes&quot;,&quot;dwl_team_show_arrow&quot;:&quot;yes&quot;,&quot;dwl_team_arrow_position&quot;:&quot;side&quot;,&quot;dwl_team_dot_nav&quot;:&quot;yes&quot;,&quot;dwl_team_group_featured_cats&quot;:&quot;a:1:{i:0;s:10:\\&quot;professeur\\&quot;;}&quot;,&quot;dwl_team_team_order_by&quot;:&quot;title&quot;,&quot;dwl_team_team_order&quot;:&quot;ASC&quot;,&quot;dwl_team_select_image_size&quot;:&quot;1536x1536&quot;,&quot;dwl_team_image_style&quot;:&quot;thumbnail&quot;}\"\n        data-pagination=\"none\"\n        data-query-paged=\"1\"\n        data-query-ppp=\"3\"\n        data-filter-taxonomy=\"team_groups\"\n      >\n\n      \n              \n        <div class=\"dwl-team-wrapper--main dwl-team-layout-list dwl-team-wrapper-layout-list wtm-row g-2 g-lg-3 dwl-team-list-style-1 dwl-new-team-layout-list dwl-team-image-style-thumbnail wp-team-arrow-side team-arrow-postion-side dwl-team-cards\"\n          data-arrows=\"1\" \n          data-dots=\"1\"  \n          data-autoplay=\"1\"\n          data-desktop=\"3\" \n          data-tablet=\"2\" \n          data-mobile=\"1\"\n          style=\"          \"\n          data-columns=\"\"\n        >  \n\n          \n        <div class=\"team-member-info-wrap m-0 p-2 wtm-col-12 post-189 page type-page status-publish hentry\" data-post-id=\"110\">\n            <div class=\"wtm-row g-0 team-member-info-content\"> \n                <header class=\"wtm-col-12 wtm-col-lg-3 wtm-col-md-6\">\n                                            <a href=\"https:\/\/rtcarlon.eu\/index.php\/team-details\/anne-vanloo\/\">\n                                        \n                    <img fetchpriority=\"high\" decoding=\"async\" width=\"700\" height=\"825\" src=\"https:\/\/rtcarlon.eu\/wp-content\/uploads\/2025\/01\/Anne_Vanloo_p.jpeg\" class=\"dwl-box-shadow\" alt=\"Anne Vanloo, Pr\u00e9sidente et Directrice de l&#039;\u00e9cole de tennis\" loading=\"eager\" \/>\n                                            <\/a>\n                                    <\/header>\n\n                <div class=\"team-member-desc wtm-col-12 wtm-col-lg-8 wtm-col-md-6\">\n                    <h2 class=\"team-member-title\">Anne Vanloo<\/h2>\n                                            <h4 class=\"team-position\">Pr\u00e9sidente et Directrice de l&#039;\u00e9cole de tennis<\/h4>\n                    \n                                            <div class=\"team-short-bio\">\n                                                            Gestion sportive et repr\u00e9sentation du club lors des \u00e9v\u00e8nements sportifs. Directrice de l'\u00e9cole de tennis. Son meilleur classement : B-2\/6. Moniteur Niveau III                                                    <\/div>\n                    \n                     <div class=\"team-member-other-info\"><div class=\"team-member-info\"><i class=\"fas fa-envelope\"><\/i> <a href=\"mailto:anne@rtcarlon.be\" target=\"_blank\" rel=\"noopener noreferrer\"><span>anne@rtcarlon.be<\/span><\/a><\/div><\/div>                                                                        <div class=\"team-member-socials size-16\">\n                    <\/div>\n                            \n                                            <div class=\"wtm-read-more-wrap\">\n                            <a href=\"https:\/\/rtcarlon.eu\/index.php\/team-details\/anne-vanloo\/\" class=\"wtm-read-more\">\n                                Read More                            <\/a>\n                        <\/div>\n                                    <\/div>\n            <\/div>\n        <\/div>\n\n        \n        <div class=\"team-member-info-wrap m-0 p-2 wtm-col-12 post-189 page type-page status-publish hentry\" data-post-id=\"193\">\n            <div class=\"wtm-row g-0 team-member-info-content\"> \n                <header class=\"wtm-col-12 wtm-col-lg-3 wtm-col-md-6\">\n                                            <a href=\"https:\/\/rtcarlon.eu\/index.php\/team-details\/fabian-dehon\/\">\n                                        \n                    <img decoding=\"async\" width=\"700\" height=\"825\" src=\"https:\/\/rtcarlon.eu\/wp-content\/uploads\/2025\/01\/Fabian_Dehon_p.jpeg\" class=\"dwl-box-shadow\" alt=\"Fabian Dehon, Employ\u00e9 Administratif\" loading=\"eager\" \/>\n                                            <\/a>\n                                    <\/header>\n\n                <div class=\"team-member-desc wtm-col-12 wtm-col-lg-8 wtm-col-md-6\">\n                    <h2 class=\"team-member-title\">Fabian Dehon<\/h2>\n                                            <h4 class=\"team-position\">Employ\u00e9 Administratif<\/h4>\n                    \n                                            <div class=\"team-short-bio\">\n                                                            Moniteur niveau II. Son meilleur classement : B-2\/6. Fabian est professeur de tennis depuis 2007. Au RTC Arlon depuis 2012.                                                    <\/div>\n                    \n                                                                                             <div class=\"team-member-socials size-16\">\n                    <\/div>\n                            \n                                            <div class=\"wtm-read-more-wrap\">\n                            <a href=\"https:\/\/rtcarlon.eu\/index.php\/team-details\/fabian-dehon\/\" class=\"wtm-read-more\">\n                                Read More                            <\/a>\n                        <\/div>\n                                    <\/div>\n            <\/div>\n        <\/div>\n\n        \n        <div class=\"team-member-info-wrap m-0 p-2 wtm-col-12 post-189 page type-page status-publish hentry\" data-post-id=\"197\">\n            <div class=\"wtm-row g-0 team-member-info-content\"> \n                <header class=\"wtm-col-12 wtm-col-lg-3 wtm-col-md-6\">\n                                            <a href=\"https:\/\/rtcarlon.eu\/index.php\/team-details\/francine-theismann\/\">\n                                        \n                    <img decoding=\"async\" width=\"625\" height=\"732\" src=\"https:\/\/rtcarlon.eu\/wp-content\/uploads\/2025\/01\/Francine_Theismann_p.jpg\" class=\"dwl-box-shadow\" alt=\"Photo of Francine Theismann\" loading=\"eager\" \/>\n                                            <\/a>\n                                    <\/header>\n\n                <div class=\"team-member-desc wtm-col-12 wtm-col-lg-8 wtm-col-md-6\">\n                    <h2 class=\"team-member-title\">Francine Theismann<\/h2>\n                    \n                                            <div class=\"team-short-bio\">\n                                                            Monitrice niveau II. Son meilleur classement : B0                                                    <\/div>\n                    \n                                                                                             <div class=\"team-member-socials size-16\">\n                    <\/div>\n                            \n                                            <div class=\"wtm-read-more-wrap\">\n                            <a href=\"https:\/\/rtcarlon.eu\/index.php\/team-details\/francine-theismann\/\" class=\"wtm-read-more\">\n                                Read More                            <\/a>\n                        <\/div>\n                                    <\/div>\n            <\/div>\n        <\/div>\n\n        \n        <div class=\"team-member-info-wrap m-0 p-2 wtm-col-12 post-189 page type-page status-publish hentry\" data-post-id=\"200\">\n            <div class=\"wtm-row g-0 team-member-info-content\"> \n                <header class=\"wtm-col-12 wtm-col-lg-3 wtm-col-md-6\">\n                                            <a href=\"https:\/\/rtcarlon.eu\/index.php\/team-details\/lotfi-khalfat\/\">\n                                        \n                    <img decoding=\"async\" src=\"https:\/\/rtcarlon.eu\/wp-content\/plugins\/wp-team-manager\/includes\/Classes\/assets\/images\/placeholder.png\" alt=\"Team member placeholder image\" class=\"dwl-box-shadow\" loading=\"eager\" \/>\n                                            <\/a>\n                                    <\/header>\n\n                <div class=\"team-member-desc wtm-col-12 wtm-col-lg-8 wtm-col-md-6\">\n                    <h2 class=\"team-member-title\">Lotfi Khalfat<\/h2>\n                    \n                                            <div class=\"team-short-bio\">\n                                                            Moniteur Niveau 3 - Meilleur Classement B-4\/6                                                    <\/div>\n                    \n                                                                                             <div class=\"team-member-socials size-16\">\n                    <\/div>\n                            \n                                            <div class=\"wtm-read-more-wrap\">\n                            <a href=\"https:\/\/rtcarlon.eu\/index.php\/team-details\/lotfi-khalfat\/\" class=\"wtm-read-more\">\n                                Read More                            <\/a>\n                        <\/div>\n                                    <\/div>\n            <\/div>\n        <\/div>\n\n        \n        <div class=\"team-member-info-wrap m-0 p-2 wtm-col-12 post-189 page type-page status-publish hentry\" data-post-id=\"114\">\n            <div class=\"wtm-row g-0 team-member-info-content\"> \n                <header class=\"wtm-col-12 wtm-col-lg-3 wtm-col-md-6\">\n                                            <a href=\"https:\/\/rtcarlon.eu\/index.php\/team-details\/mathieu-da-silva\/\">\n                                        \n                    <img decoding=\"async\" width=\"700\" height=\"825\" src=\"https:\/\/rtcarlon.eu\/wp-content\/uploads\/2025\/01\/Mathieu_DaSilva_p.jpeg\" class=\"dwl-box-shadow\" alt=\"Mathieu Da Silva, Administrateur\" loading=\"eager\" \/>\n                                            <\/a>\n                                    <\/header>\n\n                <div class=\"team-member-desc wtm-col-12 wtm-col-lg-8 wtm-col-md-6\">\n                    <h2 class=\"team-member-title\">Mathieu Da Silva<\/h2>\n                                            <h4 class=\"team-position\">Administrateur<\/h4>\n                    \n                                            <div class=\"team-short-bio\">\n                                                            Gestion des infrastructures. Moniteur niveau II et class\u00e9 B-15. Mathieu \u00e9volue au RTC Arlon depuis qu'il a d\u00e9but\u00e9 le tennis \u00e0 l'\u00e2ge de 5 ans.                                                    <\/div>\n                    \n                     <div class=\"team-member-other-info\"><div class=\"team-member-info\"><i class=\"fas fa-envelope\"><\/i> <a href=\"mailto:mathieu@rtcarlon.be\" target=\"_blank\" rel=\"noopener noreferrer\"><span>mathieu@rtcarlon.be<\/span><\/a><\/div><\/div>                                                                        <div class=\"team-member-socials size-16\">\n                    <\/div>\n                            \n                                            <div class=\"wtm-read-more-wrap\">\n                            <a href=\"https:\/\/rtcarlon.eu\/index.php\/team-details\/mathieu-da-silva\/\" class=\"wtm-read-more\">\n                                Read More                            <\/a>\n                        <\/div>\n                                    <\/div>\n            <\/div>\n        <\/div>\n\n        \n        <div class=\"team-member-info-wrap m-0 p-2 wtm-col-12 post-189 page type-page status-publish hentry\" data-post-id=\"201\">\n            <div class=\"wtm-row g-0 team-member-info-content\"> \n                <header class=\"wtm-col-12 wtm-col-lg-3 wtm-col-md-6\">\n                                            <a href=\"https:\/\/rtcarlon.eu\/index.php\/team-details\/sham-nyssen\/\">\n                                        \n                    <img decoding=\"async\" src=\"https:\/\/rtcarlon.eu\/wp-content\/plugins\/wp-team-manager\/includes\/Classes\/assets\/images\/placeholder.png\" alt=\"Team member placeholder image\" class=\"dwl-box-shadow\" loading=\"eager\" \/>\n                                            <\/a>\n                                    <\/header>\n\n                <div class=\"team-member-desc wtm-col-12 wtm-col-lg-8 wtm-col-md-6\">\n                    <h2 class=\"team-member-title\">Sham Nyssen<\/h2>\n                    \n                                            <div class=\"team-short-bio\">\n                                                            Moniteur Niveau 1 - Meilleur classement B-2\/6                                                    <\/div>\n                    \n                                                                                             <div class=\"team-member-socials size-16\">\n                    <\/div>\n                            \n                                            <div class=\"wtm-read-more-wrap\">\n                            <a href=\"https:\/\/rtcarlon.eu\/index.php\/team-details\/sham-nyssen\/\" class=\"wtm-read-more\">\n                                Read More                            <\/a>\n                        <\/div>\n                                    <\/div>\n            <\/div>\n        <\/div>\n\n        \n        <div class=\"team-member-info-wrap m-0 p-2 wtm-col-12 post-189 page type-page status-publish hentry\" data-post-id=\"195\">\n            <div class=\"wtm-row g-0 team-member-info-content\"> \n                <header class=\"wtm-col-12 wtm-col-lg-3 wtm-col-md-6\">\n                                            <a href=\"https:\/\/rtcarlon.eu\/index.php\/team-details\/sophie-gilson\/\">\n                                        \n                    <img decoding=\"async\" width=\"125\" height=\"147\" src=\"https:\/\/rtcarlon.eu\/wp-content\/uploads\/2025\/01\/Sophie_Gilson_p1.jpg\" class=\"dwl-box-shadow\" alt=\"Photo of Sophie Gilson\" loading=\"eager\" \/>\n                                            <\/a>\n                                    <\/header>\n\n                <div class=\"team-member-desc wtm-col-12 wtm-col-lg-8 wtm-col-md-6\">\n                    <h2 class=\"team-member-title\">Sophie Gilson<\/h2>\n                    \n                                            <div class=\"team-short-bio\">\n                                                            Monitrice niveau I. Son meilleur classement B-15 et est professeur de tennis au RTC Arlon depuis plus de 20 ans.                                                    <\/div>\n                    \n                                                                                             <div class=\"team-member-socials size-16\">\n                    <\/div>\n                            \n                                            <div class=\"wtm-read-more-wrap\">\n                            <a href=\"https:\/\/rtcarlon.eu\/index.php\/team-details\/sophie-gilson\/\" class=\"wtm-read-more\">\n                                Read More                            <\/a>\n                        <\/div>\n                                    <\/div>\n            <\/div>\n        <\/div>\n\n                  \n        <\/div>\n              <\/div>\n    <script>\n      (function(){\n        var root = document.getElementById(\"dwl-team-wrapper-188\");\n        if (!root) return;\n\n        \/\/ try to find a list container inside the wrapper\n        var list =\n          root.querySelector(\".dwl-team-row\") ||\n          root.querySelector(\".dwl-isotope-grid\") ||\n          root.querySelector(\".wtm-row\") ||\n          root; \/\/ fallback to wrapper\n\n        if (list && !list.hasAttribute(\"role\")) {\n          list.setAttribute(\"role\",\"list\");\n        }\n\n        var items = root.querySelectorAll(\".team-member-info-wrap\");\n        items.forEach(function(el){\n          if (!el.hasAttribute(\"role\")) {\n            el.setAttribute(\"role\",\"listitem\");\n          }\n          \/\/ Optional: use the member title as aria-label for the card\n          var title = el.querySelector(\".team-member-title\");\n          if (title && !el.hasAttribute(\"aria-label\")) {\n            var txt = title.textContent || title.innerText || \"\";\n            if (txt.trim()) {\n              el.setAttribute(\"aria-label\", txt.trim());\n            }\n          }\n        });\n\n        \/\/ Ensure images have alt text: fallback to member name if alt is empty\n        var imgs = root.querySelectorAll(\"img\");\n        imgs.forEach(function(img){\n          if (img && (!img.hasAttribute(\"alt\") || img.getAttribute(\"alt\") === \"\")) {\n            \/\/ try to find the nearest title text\n            var card = img.closest(\".team-member-info-wrap\");\n            var title = card ? card.querySelector(\".team-member-title\") : null;\n            var txt = title ? (title.textContent || title.innerText || \"\").trim() : \"\";\n            if (txt) {\n              img.setAttribute(\"alt\", txt);\n            } else {\n              img.setAttribute(\"alt\", \"\");\n            }\n          }\n        });\n      })();\n      <\/script>\n\n\n\n<p><\/p>\n","protected":false},"excerpt":{"rendered":"","protected":false},"author":1,"featured_media":0,"parent":0,"menu_order":0,"comment_status":"closed","ping_status":"closed","template":"single-page-sidebar-on-left","meta":{"footnotes":""},"class_list":["post-189","page","type-page","status-publish","hentry"],"_links":{"self":[{"href":"https:\/\/rtcarlon.eu\/index.php\/wp-json\/wp\/v2\/pages\/189","targetHints":{"allow":["GET"]}}],"collection":[{"href":"https:\/\/rtcarlon.eu\/index.php\/wp-json\/wp\/v2\/pages"}],"about":[{"href":"https:\/\/rtcarlon.eu\/index.php\/wp-json\/wp\/v2\/types\/page"}],"author":[{"embeddable":true,"href":"https:\/\/rtcarlon.eu\/index.php\/wp-json\/wp\/v2\/users\/1"}],"replies":[{"embeddable":true,"href":"https:\/\/rtcarlon.eu\/index.php\/wp-json\/wp\/v2\/comments?post=189"}],"version-history":[{"count":1,"href":"https:\/\/rtcarlon.eu\/index.php\/wp-json\/wp\/v2\/pages\/189\/revisions"}],"predecessor-version":[{"id":191,"href":"https:\/\/rtcarlon.eu\/index.php\/wp-json\/wp\/v2\/pages\/189\/revisions\/191"}],"wp:attachment":[{"href":"https:\/\/rtcarlon.eu\/index.php\/wp-json\/wp\/v2\/media?parent=189"}],"curies":[{"name":"wp","href":"https:\/\/api.w.org\/{rel}","templated":true}]}}