{"id":69,"date":"2025-01-13T16:31:29","date_gmt":"2025-01-13T15:31:29","guid":{"rendered":"https:\/\/rtcarlon.eu\/?page_id=69"},"modified":"2025-01-13T16:47:55","modified_gmt":"2025-01-13T15:47:55","slug":"lhistoire-du-club","status":"publish","type":"page","link":"https:\/\/rtcarlon.eu\/index.php\/lhistoire-du-club\/","title":{"rendered":"L&#8217;histoire du club"},"content":{"rendered":"\n<p>Le Tennis Club Jeunesse Arlonaise a \u00e9t\u00e9 fond\u00e9 en 1961. Les premiers joueurs utilis\u00e8rent les terrains de la Maison Blanche, avant de rapidement d\u00e9m\u00e9nager \u00e0 la Spetz, o\u00f9 furent disput\u00e9s les premiers interclubs et tournois.<\/p>\n\n\n\n<p>Les ann\u00e9es 70, \u00e9poque du Pr\u00e9sident Reding, furent marqu\u00e9es par la cr\u00e9ation de l&#8217;asbl et l&#8217;arriv\u00e9e sur le site de la Cova, o\u00f9 furent progressivement construits les cinq terrains en brique pil\u00e9e et le club house.<\/p>\n\n\n\n<p>Durant les ann\u00e9es 80, le club a d\u00e9but\u00e9 son expansion sur le site de la rue des M\u00e9l\u00e8zes, avec la construction de son premier terrain couvert, et ce gr\u00e2ce au d\u00e9vouement des administrateurs, des b\u00e9n\u00e9voles membres ou non-membres de l&#8217;\u00e9poque, dont le Pr\u00e9sident Robert Defrance.<\/p>\n\n\n\n<p>Les ann\u00e9es 90 virent l&#8217;apparition d&#8217;un projet ambitieux et tellement n\u00e9cessaire! En effet, en 1996, \u00e0 l&#8217;initiative du Conseil d&#8217;Administration et du Pr\u00e9sident Jean-Paul Mergeai, un projet de construction initialement de 2 puis de 3 terrains couverts suppl\u00e9mentaires avec caf\u00e9t\u00e9ria commen\u00e7a \u00e0 germer dans les esprits.<\/p>\n\n\n\n<p>A partir de 1997, le Pr\u00e9sident Ren\u00e9 Laurent reprit ce dossier pour le faire \u00e9voluer vers le r\u00e9sultat que vous avez pu d\u00e9couvrir en 2003&nbsp;(un splendide hall avec trois terrains, une superbe caf\u00e9t\u00e9ria et des vestiaires), et ce gr\u00e2ce \u00e0 l&#8217;aide et aux subsides de la ville d&#8217;Arlon et de la R\u00e9gion Wallonne via Infrasport.<\/p>\n\n\n\n<p>En 2009 furent&nbsp;construits deux terrains couverts suppl\u00e9mentaires, \u00e9galement \u00e0 la rue des M\u00e9l\u00e8zes. Le complexe compte donc d\u00e9sormais 6 terrains couverts.<\/p>\n\n\n\n<p>En 2011, \u00e0 l&#8217;occasion de ses 50 ans, le Tennis Club Jeunesse Arlonaise s&#8217;est vu d\u00e9cerner par sa Majest\u00e9 le Roi Albert II le titre de &#8220;Royal&#8221; et s&#8217;appelle d\u00e9sormais le &#8220;Royal Tennis Club Arlon&#8221;.<\/p>\n\n\n\n<p>En 2012,&nbsp;le Complexte Tennistique Pierre&nbsp;Vanloo s&#8217;enrichit de cinq nouveaux terrains ext\u00e9rieurs. Le club offre d\u00e9sormais \u00e0 ses membres&nbsp;pas moins de 10 terrains ext\u00e9rieurs et 6 terrains couverts.<\/p>\n\n\n\n<p>Les administrateurs du RTCA ont d\u00e9j\u00e0 d&#8217;autres id\u00e9es pour poursuivre le d\u00e9veloppement des infrastructures, toujours dans le but de r\u00e9pondre pleinement aux attentes des membres.<\/p>\n","protected":false},"excerpt":{"rendered":"<p>Le Tennis Club Jeunesse Arlonaise a \u00e9t\u00e9 fond\u00e9 en 1961. Les premiers joueurs utilis\u00e8rent les terrains de la Maison Blanche, avant de rapidement d\u00e9m\u00e9nager \u00e0 la Spetz, o\u00f9 furent disput\u00e9s les premiers interclubs et tournois. Les ann\u00e9es 70, \u00e9poque du Pr\u00e9sident Reding, furent marqu\u00e9es par la cr\u00e9ation de l&#8217;asbl et l&#8217;arriv\u00e9e sur le site de [&hellip;]<\/p>\n","protected":false},"author":1,"featured_media":0,"parent":0,"menu_order":0,"comment_status":"closed","ping_status":"closed","template":"single-page-sidebar-on-left","meta":{"footnotes":""},"class_list":["post-69","page","type-page","status-publish","hentry"],"_links":{"self":[{"href":"https:\/\/rtcarlon.eu\/index.php\/wp-json\/wp\/v2\/pages\/69","targetHints":{"allow":["GET"]}}],"collection":[{"href":"https:\/\/rtcarlon.eu\/index.php\/wp-json\/wp\/v2\/pages"}],"about":[{"href":"https:\/\/rtcarlon.eu\/index.php\/wp-json\/wp\/v2\/types\/page"}],"author":[{"embeddable":true,"href":"https:\/\/rtcarlon.eu\/index.php\/wp-json\/wp\/v2\/users\/1"}],"replies":[{"embeddable":true,"href":"https:\/\/rtcarlon.eu\/index.php\/wp-json\/wp\/v2\/comments?post=69"}],"version-history":[{"count":1,"href":"https:\/\/rtcarlon.eu\/index.php\/wp-json\/wp\/v2\/pages\/69\/revisions"}],"predecessor-version":[{"id":71,"href":"https:\/\/rtcarlon.eu\/index.php\/wp-json\/wp\/v2\/pages\/69\/revisions\/71"}],"wp:attachment":[{"href":"https:\/\/rtcarlon.eu\/index.php\/wp-json\/wp\/v2\/media?parent=69"}],"curies":[{"name":"wp","href":"https:\/\/api.w.org\/{rel}","templated":true}]}}